223 + -2148?
3075
In base 16, what is 108 - d28e?
-d186
In base 5, what is -214301 - 1242134?
-2011440
In base 12, what is 13436 - -82bb?
1b735
In base 12, what is 2 - 21646724?
-21646722
In base 8, what is 3251302 - 40?
3251242
In base 12, what is -96b + 237b?
1610
In base 16, what is 5 + -4800bf3?
-4800bee
In base 13, what is -22651728 + 0?
-22651728
In base 9, what is 0 - -5360851?
5360851
In base 6, what is 22321 - 405?
21512
In base 3, what is -102112001020002002 - 2?
-102112001020002011
In base 11, what is 1765 + -36a3?
-1a39
In base 3, what is -2010 + 111112111?
111110101
In base 6, what is -251 + 2320333?
2320042
In base 11, what is -5 - 226873?
-226878
In base 5, what is -21434014 - -20344?
-21413120
In base 2, what is 1100100 + 1011100010011110111010?
1011100010100000011110
In base 9, what is 4 + 48507472?
48507476
In base 16, what is -3023 + -b53?
-3b76
In base 14, what is -148a - 1352?
-27dc
In base 2, what is 101110 - -1010000101011111000011?
1010000101011111110001
In base 8, what is 224 - 27324234?
-27324010
In base 7, what is -1122310602 + -2?
-1122310604
In base 10, what is 11 + 15756?
15767
In base 3, what is -1022 - 22010020000?
-22010021022
In base 5, what is 2 - -30440302120?
30440302122
In base 10, what is -3 - 92206425?
-92206428
In base 5, what is -40332114410 + -2?
-40332114412
In base 3, what is 12 + -220110222201212?
-220110222201200
In base 5, what is 1212301 - -323342?
2041143
In base 9, what is 2105 - 103442?
-101336
In base 8, what is -3 - 12257546?
-12257551
In base 12, what is 1 - -2649761b?
26497620
In base 8, what is -2 + -210317577?
-210317601
In base 12, what is 12 + -2569?
-2557
In base 16, what is 0 + -47083?
-47083
In base 14, what is c66a - -40a1?
1272b
In base 11, what is -2a + 2aa252?
2aa223
In base 3, what is 1101002002211001 + 0?
1101002002211001
In base 16, what is 2053 - -2841?
4894
In base 3, what is 21212020210021 + 10?
21212020210101
In base 11, what is -5230 - a5a3?
-14823
In base 2, what is -110101001 - -101111000001110?
101110001100101
In base 4, what is 31001010220 + -2220?
31001002000
In base 15, what is -10a750 + 8?
-10a747
In base 13, what is 4917245b - -5?
49172463
In base 11, what is -3 - -1027893?
1027890
In base 16, what is -97b478 - 2?
-97b47a
In base 8, what is -2532433375 - -2?
-2532433373
In base 7, what is 14044 + -266351?
-252304
In base 6, what is -2200342 - 22535?
-2223321
In base 5, what is -3 + -11042100402?
-11042100410
In base 3, what is 2011001 + -22120202?
-20102201
In base 6, what is -133024543 + 404?
-133024135
In base 14, what is 5 + 11b17d?
11b184
In base 3, what is -11 - 12100020220221?
-12100020221002
In base 9, what is -2256254 + -23?
-2256277
In base 13, what is -1877 - 1a564?
-1c10b
In base 15, what is -3 - a247ba?
-a247bd
In base 13, what is -ca98 + 90a?
-c18b
In base 11, what is -1 - -840510a?
8405109
In base 6, what is -52 - -3235551?
3235455
In base 9, what is 157765 + -2?
157763
In base 9, what is 5 - -8716018?
8716024
In base 12, what is 4541a3 + -64?
45413b
In base 16, what is ecbf - d2?
ebed
In base 10, what is 4559594 + -29?
4559565
In base 8, what is 1106524 + -237?
1106265
In base 13, what is 6 + 298272?
298278
In base 10, what is 7326137 + 4?
7326141
In base 12, what is -27a28 - -148?
-278a0
In base 7, what is 3 - 60214604?
-60214601
In base 3, what is -10112 + 201220120022?
201220102210
In base 10, what is -7 - -10883735?
10883728
In base 14, what is 0 - -c86461?
c86461
In base 9, what is -88 - -4872467?
4872368
In base 9, what is 64 + 30310000?
30310064
In base 3, what is -2200110111 - 10020?
-2200120201
In base 10, what is -259 + -270009?
-270268
In base 14, what is -2b + 346aa?
3467d
In base 7, what is -100026641 + 1?
-100026640
In base 12, what is -4 + 5b113?
5b10b
In base 11, what is -35385 - 432?
-35807
In base 14, what is 78 + -4d3555?
-4d34bb
In base 3, what is -22011 + -2011220002101?
-2011220101112
In base 14, what is 3b845 - 284?
3b5a1
In base 14, what is -36 + -9ac74?
-9acaa
In base 4, what is -21301013022 - -11?
-21301013011
In base 5, what is -23330 + 3333243?
3304413
In base 6, what is 1 - 1022521221?
-1022521220
In base 3, what is -1 + 1012212220010?
1012212220002
In base 16, what is -1c6 + 2f63?
2d9d
In base 8, what is -11 - 250152?
-250163
In base 7, what is -41130 - 3540?
-45000
In base 14, what is -34 - 2361?
-2395
In base 9, what is -574685167 - 1?
-574685168
In base 7, what is 1 + -1561665345?
-1561665344
In base 5, what is 2233 + -401031?
-343243
In base 2, what is 100101010110111100001010100 - 10?
100101010110111100001010010
In base 4, what is 3032021 - -331202?
10023223
In base 11, what is 1185 + -4762?
-3588
In base 16, what is 4 + -1e3011c?
-1e30118
In base 13, what is bb - -3747a?
37568
In base 16, what is 11 + -99ebe0?
-99ebcf
In base 5, what is 30003 + -123233004?
-123203001
In base 11, what is 4326220 - 31?
432619a
In base 6, what is 103 + -1130404?
-1130301
In base 2, what is -10011001111100100 + -100011000100100?
-10111101000001000
In base 3, what is 11 + -111002100000002201?
-111002100000002120
In base 4, what is 2100323133 - 112000?
2100211133
In base 8, what is -3 + -652163?
-652166
In base 2, what is 100101000001 + 11100011001?
1000001011010
In base 9, what is -82841388 + 4?
-82841384
In base 2, what is -111 + -11001111101101111?
-11001111101110110
In base 9, what is -10701825 + -1?
-10701826
In base 13, what is 6 - -995cc?
99605
In base 10, what is 692967 + -128?
692839
In base 5, what is -303320 - 2001423?
-2310243
In base 7, what is 5 - 1026666442?
-1026666434
In base 9, what is -11535 + 31801?
20255
In base 13, what is -43 - -19c1c6?
19c183
In base 15, what is 2b2695ce + 5?
2b2695d4
In base 14, what is -4d0 - -7756?
7266
In base 6, what is -3325 + 15035313?
15031544
In base 5, what is -123 - -1143232221?
1143232043
In base 13, what is -4 + 249b401?
249b3ca
In base 2, what is -1001111110111 + -1101010001011?
-10111010000010
In base 7, what is -241505 - 115543?
-360351
In base 9, what is 0 + 78583821?
78583821
In base 15, what is 74d11 - -3a1?
751b2
In base 12, what is 434 - 1a0b4?
-19880
In base 2, what is 101111011010 + 101010101010001?
110000100101011
In base 13, what is -4 + -b21178?
-b2117c
In base 11, what is -1336a46 - -1?
-1336a45
In base 7, what is 22 + -224351?
-224326
In base 14, what is 1 + -68a8529?
-68a8528
In base 9, what is 317248 + 1378?
318637
In base 13, what is b2aa - 26a?
b040
In base 6, what is 10503 - 213001?
-202054
In base 15, what is -22b42 + 1bb?
-22976
In base 9, what is -67245 - -36?
-67208
In base 13, what is 4 + 84b133?
84b137
In base 15, what is c893 - 2204?
a68e
In base 2, what is -1000001 - -100011101101010000100?
100011101101001000011
In base 3, what is -2121010020220 + -1122?
-2121010022112
In base 11, what is -4aa2525 + 17?
-4aa2509
In base 7, what is 5 - -236300?
236305
In base 12, what is -3a64134 - 0?
-3a64134
In base 15, what is 179d - 2cc?
14c1
In base 16, what is -1441 + 8e?
-13b3
In base 13, what is -4 + 273b893?
273b88c
In base 12, what is 3302 + -411?
2ab1
In base 5, what is 3 + -202412130104?
-202412130101
In base 13, what is 13700a - 2a?
136cb0
In base 3, what is -112122 - 2220211220222?
-2220212110121
In base 10, what is 2801 - 4460?
-1659
In base 2, what is 1001001110 - 1010111111?
-1110001
In base 3, what is 11 - 202021122122221?
-202021122122210
In base 16, what is -1 - -1eefe38?
1eefe37
In base 5, what is 24231412 - 233?
24231124
In base 2, what is -100011111101000100 + 101110?
-100011111100010110
In base 10, what is -262688 - -2311?
-260377
In base 12, what is 9b6770 - -66?
9b6816
In base 2, what is -1110110000100100010001000 + -11?
-1110110000100100010001011
In base 14, what is 127 + 1dd0?
2117
In base 5, what is 222 - 20213023?
-20212301
In base 12, what is 10b4b - -a1b?
1196a
In base 8, what is 344 + 255237?
255603
In base 6, what is -2 - -1010054404?
1010054402
In base 7, what is 0 + -43012212?
-43012212
In base 5, what is -1131420 + -3011?
-1134431
In base 14, what is 789d549 - -3?
789d54c
In base 10, what is -11 - 227982?
-227993
In base 7, what is -2655446 - 2245?
-2661024
In base 5, what is 1344003140 + 2?
1344003142
In base 7, what is -3155155 + -4?
-3155162
In base 11, what is -2 - 27150a2?
-27150a4
In base 12, what is -2243 + -a530?
-10773
In